, 53, 263
What are the prime factors of 1181110?
2, 5, 7, 47, 359
What are the prime factors of 608820?
2, 3, 5, 73, 139
What are the prime factors of 157023?
3, 73, 239
What are the prime factors of 2060438?
2, 1030219
What are the prime factors of 2110768?
2, 11, 67, 179
List the prime factors of 29185.
5, 13, 449
List the prime factors of 1016414.
2, 7, 79, 919
What are the prime factors of 10525?
5, 421
What are the prime factors of 278282?
2, 61, 2281
List the prime factors of 182312.
2, 13, 1753
What are the prime factors of 263299?
251, 1049
What are the prime factors of 1972407?
3, 657469
List the prime factors of 9468165.
3, 5, 7, 90173
What are the prime factors of 118805?
5, 23761
What are the prime factors of 2423086?
2, 1211543
List the prime factors of 186661.
73, 2557
What are the prime factors of 4800297?
3, 1600099
List the prime factors of 4675656.
2, 3, 194819
List the prime factors of 222401.
29, 7669
What are the prime factors of 2513501?
17, 147853
List the prime factors of 966934.
2, 483467
List the prime factors of 14491879.
1063, 13633
What are the prime factors of 28102079?
313, 89783
List the prime factors of 116708.
2, 163, 179
What are the prime factors of 281481?
3, 93827
List the prime factors of 111692.
2, 7, 3989
What are the prime factors of 3957474?
2, 3, 89, 7411
List the prime factors of 2303886.
2, 3, 13, 29537
List the prime factors of 21189.
3, 7, 1009
What are the prime factors of 879322?
2, 439661
What are the prime factors of 12824216?
2, 1603027
What are the prime factors of 1832358?
2, 3, 11, 27763
What are the prime factors of 277864?
2, 47, 739
List the prime factors of 1267806.
2, 3, 23, 9187
List the prime factors of 5355452.
2, 1338863
List the prime factors of 16679528.
2, 43, 48487
What are the prime factors of 29539721?
41, 720481
What are the prime factors of 1742992?
2, 41, 2657
List the prime factors of 370195.
5, 7, 1511
What are the prime factors of 6831964?
2, 59, 28949
List the prime factors of 26409801.
3, 11, 439, 1823
What are the prime factors of 1038093?
3, 7, 49433
What are the prime factors of 2113288?
2, 29, 9109
List the prime factors of 1088719.
19, 57301
List the prime factors of 2433650.
2, 5, 48673
List the prime factors of 233291.
17, 13723
What are the prime factors of 235003?
235003
List the prime factors of 208109.
11, 18919
What are the prime factors of 16188686?
2, 41, 197423
List the prime factors of 129362.
2, 71, 911
List the prime factors of 192309.
3, 13, 4931
List the prime factors of 223750.
2, 5, 179
What are the prime factors of 1433763?
3, 17, 9371
What are the prime factors of 4195521?
3, 11, 42379
List the prime factors of 316977.
3, 19, 67, 83
What are the prime factors of 609066?
2, 3, 11279
What are the prime factors of 2411128?
2, 41, 7351
List the prime factors of 27830515.
5, 79, 70457
List the prime factors of 9970335.
3, 5, 149, 1487
What are the prime factors of 27777431?
11, 2525221
List the prime factors of 195100.
2, 5, 1951
List the prime factors of 8704039.
1429, 6091
List the prime factors of 121513.
7, 17359
List the prime factors of 4617233.
31, 47, 3169
What are the prime factors of 579405?
3, 5, 19, 107
List the prime factors of 462817.
181, 2557
What are the prime factors of 7488028?
2, 1872007
What are the prime factors of 66217?
23, 2879
What are the prime factors of 10873551?
3, 13, 278809
What are the prime factors of 14453955?
3, 5, 321199
What are the prime factors of 3473445?
3, 5, 231563
What are the prime factors of 14733531?
3, 19, 86161
What are the prime factors of 391862?
2, 195931
List the prime factors of 21594485.
5, 11, 199, 1973
List the prime factors of 1043695.
5, 208739
What are the prime factors of 12270135?
3, 5, 251, 3259
List the prime factors of 10023169.
13, 771013
List the prime factors of 2321420.
2, 5, 19, 41, 149
What are the prime factors of 1458088?
2, 182261
List the prime factors of 377542.
2, 11, 131
What are the prime factors of 3427311?
3, 1051, 1087
What are the prime factors of 782248?
2, 277, 353
What are the prime factors of 3126252?
2, 3, 23, 47, 241
What are the prime factors of 2468593?
89, 27737
What are the prime factors of 3558803?
3558803
What are the prime factors of 772952?
2, 53, 1823
What are the prime factors of 5933587?
11, 67, 83, 97
What are the prime factors of 334569?
3, 229, 487
What are the prime factors of 2126728?
2, 265841
List the prime factors of 2245966.
2, 1122983
List the prime factors of 525543.
3, 31, 5651
List the prime factors of 884549.
173, 5113
List the prime factors of 10616830.
2, 5, 7, 47, 461
What are the prime factors of 299067?
3, 99689
What are the prime factors of 23818620?
2, 3, 5, 7, 56711
List the prime factors of 399727.
399727
What are the prime factors of 367680?
2, 3, 5, 383
What are the prime factors of 869753?
869753
List the prime factors of 1695261.
3, 23, 79, 311
What are the prime factors of 136272?
2, 3, 17, 167
What are the prime factors of 4024400?
2, 5, 10061
List the prime factors of 397195.
5, 19, 37, 113
List the prime factors of 407744.
2, 23, 277
What are the prime factors of 20561740?
2, 5, 43, 23909
What are the prime factors of 8142715?
5, 7, 83, 2803
List the prime factors of 10445288.
2, 7, 19, 9817
What are the prime factors of 36191?
36191
List the prime factors of 360047.
37, 263
What are the prime factors of 276973?
173, 1601
What are the prime factors of 50560?
2, 5, 79
What are the prime factors of 134032?
2, 8377
What are the prime factors of 177608?
2, 149
What are the prime factors of 955766?
2, 7, 233, 293
List the prime factors of 194959.
19, 31, 331
What are the prime factors of 139215?
3, 5, 9281
What are the prime factors of 25504020?
2, 3, 5, 141689
List the prime factors of 640509.
3, 17, 19, 661
List the prime factors of 85241.
13, 79, 83
What are the prime factors of 90942?
2, 3, 23, 659
List the prime factors of 5007812.
2, 1251953
What are the prime factors of 4282248?
2, 3, 113, 1579
What are the prime factors of 2683195?
5, 17, 31567
List the prime factors of 9611036.
2, 19, 126461
What are the prime factors of 8843965?
5, 13, 359, 379
List the prime factors of 79453.
11, 31, 233
List the prime factors of 505333.
23, 127, 173
What are the prime factors of 2860586?
2, 1430293
List the prime factors of 1908497.
37, 51581
List the prime factors of 13634927.
139, 233, 421
List the prime factors of 7269288.
2, 3, 13, 23, 1013
List the prime factors of 413152.
2, 12911
List the prime factors of 5394805.
5, 13, 82997
List the prime factors of 3603758.
2, 61, 109, 271
List the prime factors of 1010700.
2, 3, 5, 1123
List the prime factors of 3108163.
3108163
What are the prime factors of 38457?
3, 4273
What are the prime factors of 1659935?
5, 19, 101, 173
What are the prime factors of 1104928?
2, 11, 43, 73
List the prime factors of 12477006.
2, 3, 693167
What are the prime factors of 2479659?
3, 7, 13, 31, 293
What are the prime factors of 3340489?
157, 21277
List the prime factors of 5426368.
2, 84787
List the prime factors of 37941897.
3, 7, 59, 113, 271
What are the prime factors of 834064?
2, 7, 11, 677
List the prime factors of 145877.
17, 8581
What are the prime factors of 7160041?
7, 293, 3491
What are the prime factors of 7148565?
3, 5, 67, 2371
List the prime factors of 840279.
3, 11, 25463
What are the prime factors of 799272?
2, 3, 17, 653
What are the prime factors of 2490688?
2, 38917
List the prime factors of 1443949.
13, 31, 3583
List the prime factors of 17753290.
2, 5, 1775329
What are the prime factors of 391487?
391487
What are the prime factors of 350125?
5, 2801
List the prime factors of 153328.
2, 7, 37
List the prime factors of 870591.
3, 521, 557
What are the prime factors of 479197?
227, 2111
What are the prime factors of 4752921?
3, 1584307
What are the prime factors of 7070069?
47, 150427
List the prime factors of 2403120.
2, 3, 5, 17, 19, 31
List the prime factors of 147256.
2, 79, 233
List the prime factors of 366988.
2, 23, 3989
List the prime factors of 378946.
2, 189473
What are the prime factors of 4046614?
2, 11, 13, 14149
What are the prime factors of 691011?
3, 19, 449
List the prime factors of 1826102.
2, 89, 10259
What are the prime factors of 5580759?
3, 1860253
List